- 9912. Give t(90).
-12
Let p(n) = -1782*n + 75. Calculate p(-1).
1857
Let q(x) = -4*x**3 + 144*x**2 + 24*x - 491. Determine q(36).
373
Let m(t) = -50*t**2 + 20735*t + 6227. Calculate m(415).
2
Let l(x) = 3*x**3 - 41*x**2 + 170*x + 90. What is l(10)?
690
Let m(v) = 27008*v + 216676. Determine m(-8).
612
Let a(o) = 64583*o - 516681. Determine a(8).
-17
Let q(m) = -338*m + 899. Give q(4).
-453
Let m(t) = -t**3 + 23*t**2 - 3177*t + 55562. Calculate m(18).
-4
Let y(a) = 5*a**3 + 96*a**2 + 387*a + 6874. Determine y(-19).
-118
Let r(y) = 9895*y - 69265. Give r(7).
0
Let a(x) = 4*x**2 + 360*x - 6629. Calculate a(18).
1147
Let n(o) = 3*o**2 + 23895*o - 119535. Determine n(5).
15
Let x(z) = -288*z**2 - 174*z + 175. Determine x(1).
-287
Let i(c) = -246*c**2 + 24670*c - 6997. Determine i(100).
3
Let j(b) = 1166*b**2 - 614*b + 614. What is j(1)?
1166
Let p(l) = -l**3 - 51*l**2 - 55*l - 173. Calculate p(0).
-173
Let l(v) = 2*v**3 + 100*v**2 - 1100*v - 2241. What is l(-59)?
1
Let o(a) = -197*a - 19357. Determine o(-98).
-51
Let j(z) = -z**2 + 515*z + 27669. Determine j(-49).
33
Let b(i) = 8256*i + 1816243. Give b(-220).
-77
Let b(n) = -n**3 + 15*n**2 - 179*n + 2343. Calculate b(16).
-777
Let f(i) = 97256*i - 3112319. Calculate f(32).
-127
Let s(w) = -2*w**2 - 340*w + 6475. What is s(18)?
-293
Let x(n) = -4*n**2 + 186*n - 437. What is x(44)?
3
Let s(r) = -2436*r - 164099. Determine s(-67).
-887
Let k(b) = 13*b**2 - 1559*b - 1658. Calculate k(121).
36
Let r(p) = -4*p**2 - 260*p + 141. Determine r(-19).
3637
Let a(i) = 4419*i + 26849. What is a(-6)?
335
Let x(l) = 29232*l + 2718584. Give x(-93).
8
Let o(g) = 1232*g - 2. Calculate o(0).
-2
Let i(v) = 22191*v + 1087371. Determine i(-49).
12
Let c(i) = 31*i**2 - 20. What is c(5)?
755
Let a(j) = 69*j**2 - 2383*j - 14386. Determine a(-6).
2396
Let w(v) = 5754*v - 28824. Give w(5).
-54
Let j(m) = -2*m**2 - 186*m + 466. What is j(-96)?
-110
Let r(k) = -2*k**3 - 211*k**2 - 113*k + 139. Calculate r(-105).
979
Let r(g) = -3*g**2 - 16454*g + 49352. Determine r(3).
-37
Let v(a) = 3*a**3 + 4*a**2 + 39*a - 128. Give v(3).
106
Let y(l) = 28*l**3 + 2797*l**2 - 305*l - 506. Give y(-100).
-6
Let r(u) = 578*u + 7935. Determine r(-14).
-157
Let f(t) = -7*t**3 + 12*t**2 - 1776*t - 3583. What is f(-2)?
73
Let y(p) = -148*p + 495. Give y(4).
-97
Let o(p) = 2*p**2 - 10444*p + 125153. Give o(12).
113
Let j(w) = -w**2 + 31434*w + 817972. Calculate j(-26).
12
Let r(f) = 6*f**3 + 1710*f**2 + 1713*f + 479. Determine r(-284).
-2077
Let w(n) = -n**3 - 9*n**2 - 66*n - 469. What is w(-8)?
-5
Let t(o) = -137*o + 1658. Calculate t(2).
1384
Let w(b) = 4*b**2 + 226*b + 656. What is w(-3)?
14
Let w(o) = o**3 - 110*o**2 - 351*o + 1190. Calculate w(113).
-166
Let u(y) = 1265*y - 15175. Give u(13).
1270
Let i(j) = 8*j**2 + 5034*j + 6277. Calculate i(-628).
-3
Let f(r) = -50168*r - 3511771. What is f(-70)?
-11
Let d(q) = 130*q**2 + 5*q - 130. Determine d(-1).
-5
Let a(v) = v**3 + 878*v**2 + 2452*v - 151371. Determine a(-875).
4
Let j(m) = 3520*m - 56555. Give j(16).
-235
Let c(q) = q**3 - 5*q**2 - 6356*q - 9784. Calculate c(83).
10
Let d(u) = 1191*u - 13023. Calculate d(11).
78
Let p(v) = -19*v**2 - 403*v + 1016. Calculate p(-24).
-256
Let v(t) = 49*t**2 - 45*t + 64. Calculate v(4).
668
Let y(x) = 13*x**3 + 36*x**2 + 124*x + 111. Calculate y(-2).
-97
Let g(a) = 3976*a + 103421. What is g(-26)?
45
Let l(o) = 3*o**3 - 23*o**2 + 60*o + 1. What is l(3)?
55
Let m(b) = b**2 + 5081*b - 313620. Determine m(61).
42
Let z(p) = p**3 - 10*p**2 - 586*p + 3520. Give z(6).
-140
Let q(p) = -4*p**3 - 56*p**2 - 71*p + 864. Determine q(-7).
-11
Let a(u) = u**2 - 317986*u - 5406032. Calculate a(-17).
19
Let v(x) = 8*x**2 - 235*x - 1380. What is v(25)?
-2255
Let h(f) = f**3 + 41*f**2 + 297*f + 255. Determine h(-9).
174
Let s(o) = o**3 - 59*o**2 - 3682*o + 19765. Calculate s(5).
5
Let b(f) = -50703*f - 5830854. What is b(-115)?
-9
Let n(m) = -199*m**2 - 9068*m + 4031. Calculate n(-46).
75
Let t(k) = k**2 - 1876*k + 64405. Determine t(35).
-30
Let r(j) = -7*j**2 + 18650*j - 74577. Calculate r(4).
-89
Let s(p) = -3*p**2 - 578*p + 10670. Determine s(17).
-23
Let m(g) = -g**2 - 5225*g + 162933. Calculate m(31).
-3
Let v(i) = -i**3 - 24*i**2 + 561*i + 10672. Determine v(-31).
8
Let s(i) = 4*i**3 + 1572*i**2 + 29*i + 11412. Give s(-393).
15
Let u(q) = 6*q**3 + 9*q**2 + 89*q - 479. What is u(6)?
1675
Let r(f) = -f**3 + 17*f**2 - 9*f + 1027. What is r(19)?
134
Let b(n) = -n**3 - 24*n**2 + 19*n + 165. What is b(-23)?
-801
Let g(x) = 8*x**2 + 5744*x - 45981. Give g(8).
483
Let v(s) = 4*s**3 - 55*s**2 + 31*s - 1. Give v(13).
-105
Let c(n) = -71*n**2 - 1130*n + 54. Determine c(-16).
-42
Let p(y) = -23403*y - 210699. Calculate p(-9).
-72
Let d(o) = o**3 - 32*o**2 - 47*o - 157. Calculate d(35).
1873
Let q(y) = 12948*y + 129132. Determine q(-10).
-348
Let a(q) = -q**3 - 66*q**2 - 239*q - 3085. Give a(-63).
65
Let t(p) = -p**3 - 100*p**2 - 2228*p - 52. Give t(-33).
509
Let m(y) = -y**2 - 1706*y + 43273. Determine m(25).
-2
Let i(v) = -v**2 + 75*v + 20649. What is i(186)?
3
Let a(j) = 4*j**2 + 528*j + 12240. Determine a(-30).
0
Let j(t) = -t**3 - 8*t**2 + 265*t + 2134. What is j(-8)?
14
Let h(m) = m**3 + 2*m**2 - 152*m + 355. Give h(-14).
131
Let q(c) = c**3 + c + 7. What is q(0)?
7
Let c(b) = 46*b - 4268. Calculate c(91).
-82
Let t(p) = -p**2 + 28830*p - 259416. Determine t(9).
-27
Let w(p) = -6*p**2 + 147*p - 5007. Calculate w(0).
-5007
Let b(m) = m**3 + 6*m**2 - 380*m - 3569. Give b(-11).
6
Let f(s) = 57*s**2 + 80*s - 571. What is f(-4)?
21
Let u(a) = 6466*a - 39987. Calculate u(6).
-1191
Let q(d) = 11306*d + 67827. Determine q(-6).
-9
Let r(d) = d**3 + 170*d**2 + 167*d - 109. Calculate r(-169).
229
Let c(b) = b**3 + 48*b**2 - 103*b + 265. Calculate c(-50).
415
Let k(f) = f**2 + 16990*f + 2091399. Determine k(-124).
15
Let p(x) = 1520*x + 61232. What is p(-42)?
-2608
Let o(c) = c**2 - 1661*c - 211829. Determine o(-119).
-9
Let c(m) = 23*m**2 + 1004*m - 8573. Determine c(-51).
46
Let o(u) = -3*u**2 + 292*u - 121. Give o(96).
263
Let z(y) = -6805*y + 251790. Give z(37).
5
Let b(j) = 160779*j + 1286233. What is b(-8)?
1
Let t(b) = 4*b**2 + 17401*b - 279429. What is t(16)?
11
Let p(x) = -x**3 + 201*x**2 + 1240*x + 404. Give p(207).
-10
Let m(n) = -47*n**2 + 7032*n + 2733. What is m(150)?
33
Let c(q) = 2*q**3 + 5*q**2 + 248*q + 744. What is c(-3)?
-9
Let z(o) = o**3 + 515*o**2 + 1786*o + 127989. Calculate z(-512).
-11
Let y(r) = -r**3 - 115*r**2 + 2093*r - 465. What is y(-131)?
-72
Let l(b) = -b**2 - 1156*b - 205279. Calculate l(-219).
-76
Let j(u) = -2*u**3 - 302*u**2 + 620*u + 1311. Determine j(-153).
87
Let z(x) = x**2 - 12980*x - 25964. Calculate z(-2).
0
Let p(z) = 1370*z + 96968. Determine p(-70).
1068
Let k(a) = -3*a**2 - 28246*a + 113016. Determine k(4).
-16
Let o(j) = 2*j**2 + 3326*j - 527975. What is o(146)?
253
Let q(n) = -88*n**3 - 2729*n**2 - 30*n - 158. Calculate q(-31).
-189
Let y(l) = -l**3 + 18*l**2 - 3264*l + 44915. What is y(14)?
3
Let v(p) = 6545*p + 39346. Calculate v(-6).
76
Let j(z) = 1626*z + 1671. Determine j(-1).
45
Let y(n) = -n**3 - 26*n**2 - 88*n - 117. Give y(-4).
-117
Let v(c) = c**3 - 24*c**2 - 8*c + 826. Calculate v(21).
-665
Let n(r) = -9*r**2 - 721*r - 6900. Give n(-69).
0
Let y(a) = a**2 + 776*a + 6906. What is y(-9)?
3
Let u(p) = -153*p**2 - 1055*p + 106. What is u(-7)?
-6
Let h(w) = -675*w + 1267. Give h(2).
-83
Let b(d) = -35*d + 4478. Determine b(137).
-317
Let t(z) = 79*z + 11044. Calculate t(-122).
1406
Let s(q) = -41*q**2 - 526*q - 695. Determine s(-11).
130
Let a(z) = -818*z - 89302. What is a(-109)?
-140
Let u(b) = -3*b**3 - 71*b**2 - 26*b - 184. Calculate u(-23).
-644
Let l(a) = -1432*a**2 + 307879*a + 228. Calculate l(215).
13
Let j(y) = -15*y**2 + 446*y - 206. Determine j(28).
522
Let f(l) = 7*l**2 - 194*l - 6351. Calculate f(46).
-463
Let a(r) = -1239330*r - 2478659. What is a(-2)?
1
Let w(m) = 7*m**2 - 148*m - 3443. Determine w(-14).
1
Let y(k) = 7227*k + 22081. Determine y(-3).
400
Let y(d) = 12*d**3 + 26*d**2 - 62*d + 37. Calculate y(1).
13
Let f(p) = 163*p**3 + 818*p**2 - 317*p - 1697. Calculate f(-5).
-37
Let a(h) = 106*h**2 - 790*h + 16. Give a(5).
-1284
Let g(h) = -h**2 + 218*h - 1796. Calculate g(215).
-1151
Let z(a) = 60*a**3 + 6